- v**3 + 0 + 27*v + 5*v**2 - 8. Determine j(6).
10
Let j(a) = a**3 - 4*a**2 + 3. Let f be j(4). Let w(k) = 10 - 12 - 3*k + 4. Determine w(f).
-7
Let b(n) = 0*n + 0 + 2*n**2 + 5 + n - 6. Let m(k) = k**3 + 9*k**2 - k - 7. Let u be m(-9). Determine b(u).
9
Let u(n) = -n - 18. Let d(w) = 6*w + 91. Let b(v) = -2*d(v) - 11*u(v). Calculate b(0).
16
Let j(m) = -m - 3. Let b be j(-6). Let y(q) = -3*q**3 + 7*q**2 + q - 8. Let l(k) = -2*k**3 + 7*k**2 + 2*k - 7. Let a(r) = b*y(r) - 4*l(r). Determine a(-6).
-2
Let j(v) = 1 + 17 + 0*v + 14*v + 0*v. Let b(g) = -5*g - 6. Let k(p) = -17*b(p) - 6*j(p). Determine k(5).
-1
Let t(y) = -y**2 + 9*y - 9. Let o(l) = l**2 - 8*l + 8. Let z(m) = 4*o(m) + 3*t(m). Let j be (-8)/84*3 + 74/14. What is z(j)?
5
Suppose 30 = -5*v + 2*o, 7*v - 4*v + 17 = o. Let w(j) = j + 5. Determine w(v).
1
Let m(j) be the second derivative of -j**4/6 - 2*j**3/3 - 3*j**2/2 - 2*j. Let a(n) = -3*n**2 - 7*n - 6. Let c(l) = -3*a(l) + 5*m(l). Give c(0).
3
Let h(i) = i**3 + 5*i**2 + i + 3. Let c be h(-5). Let n(y) = -16*y**3 + 6*y**3 - 2 + 11*y**3 + 2*y**2 + 2*y. Calculate n(c).
-6
Suppose -4*d = 4*u - 8, 5*u + 4*d - 2 = 4*u. Let w(p) be the third derivative of -1/120*p**6 - 1/12*p**4 + 2*p**u + 0 + 1/6*p**3 + 0*p + 1/12*p**5. Give w(4).
9
Suppose 0 = 2*v - g - 13, 4*v + 2*g + 1 - 7 = 0. Suppose -b = v*b + 20. Let u(h) = h**2 + 5*h + 5. Determine u(b).
1
Let j(a) = -a + 4. Let b be j(2). Suppose -u = 5*t - 21, -2*t + 10 + 14 = 3*u. Let q(n) = 3*n**2 - n**2 - 4*n**b + 5*n + u + 3*n**2. Give q(-4).
2
Let g = 7 + -7. Let x(q) be the first derivative of g*q - 3 - 1/2*q**2 + 7/3*q**3. What is x(1)?
6
Let y(a) = -a**2 + a - 1. Let w(d) = -3*d**2 + 1. Let g(n) = -w(n) + 4*y(n). What is g(5)?
-10
Let u(j) = j**3 + j**2 - j - 1. Let k(q) = 5*q**3 + 13*q**2 + 2*q - 3. Let l(y) = k(y) - 6*u(y). Determine l(8).
3
Let j(m) = -m**2 - 8*m - 9. Let l be j(-6). Let f be (1/(-2))/(1/(-4)). Let b(d) = -d + 2*d - 1 - d**2 + f*d. Calculate b(l).
-1
Let z(q) be the third derivative of 5/6*q**3 + 0*q + 0 + 1/24*q**4 - 3*q**2 - 1/60*q**5. Determine z(4).
-7
Let u(o) = 11*o**2 - 5*o + 85. Let i(c) = 7*c**2 - 3*c + 56. Let g(k) = 8*i(k) - 5*u(k). Give g(0).
23
Suppose 3*b + 0 = 4*j + 7, 35 = 5*j + 5*b. Let w(f) be the second derivative of -j*f + 0 - 1/3*f**4 - 1/2*f**2 + 0*f**3. Determine w(1).
-5
Suppose -7 = -3*o - 1. Let j(v) = -10*v**o + v**3 - 2*v**2 + 6 + 7*v**2. Suppose -1 = 2*w - 11. Determine j(w).
6
Let w(i) = 6*i + 1. Suppose 10 = -f - 4*f. What is w(f)?
-11
Suppose -17 = -2*z - 3*q, -z - 22 = -5*q + 2. Let u(x) = -6*x. Let i be u(z). Let r(a) = a + 6. Give r(i).
0
Let k(f) = -3 - 5 + f - 2 + 11. Calculate k(-4).
-3
Let i = -63 - -62. Let h(o) = 11*o + 1. Calculate h(i).
-10
Let v(h) = h**3 - 3*h**2 - 4*h - 2. Let l be v(4). Let j(u) = -2*u**2 - 3*u - 2. Give j(l).
-4
Suppose -h + 3*h = -4*j - 36, 0 = -5*j + 2*h - 45. Let o be (j/(-15))/((-2)/(-10)). Let g(m) = 3*m + 1 + m**2 - 4*m - m + m**o. Calculate g(-2).
1
Suppose -4*o = 3 - 11. Let j be (o/6)/((-7)/(-42)). Let n(k) = 1 - 2*k - 3*k**2 + j*k. What is n(1)?
-2
Suppose -3*t = -15, -q = 2*q + 5*t - 13. Let a(k) = k**2 + 4*k + 5. What is a(q)?
5
Suppose 0*r - 4*g - 6 = -r, -5*g = -5*r + 15. Let f(h) = -5*h**r + 4*h**2 + 2*h - 2 + 3*h. Give f(3).
4
Let p(w) = w**2 - 6*w - 4. Let j be p(7). Let b(i) be the third derivative of -i**6/120 + i**5/12 - 5*i**4/24 + i**3/2 + 8*i**2. Give b(j).
6
Let n(v) = 11*v - 4*v**2 - 5*v**3 + 4*v**3 - 7*v. Determine n(-5).
5
Let s(o) = -o**2 + 15*o - 10. Let z(g) = g**3 + 9*g**2 + g - 42. Let x be z(-8). What is s(x)?
4
Let t(m) = 1. Let j = -3 + 5. Let l(q) = q - 4. Let f(i) = j*t(i) + l(i). Determine f(-3).
-5
Let i(b) = b**2 + 7*b - 7. Let j(s) = -s + 1. Let g(v) = i(v) + 6*j(v). Suppose 3*w - 35 + 29 = 0. What is g(w)?
5
Let d(o) = o**2 + 8*o + 10. Suppose 7 = -r - 0*r. Calculate d(r).
3
Let w = -6 - -11. Let s(q) = -w - 2*q + q + 4 - q. Determine s(-3).
5
Let x be 135/(1 - -4) + 1. Suppose -4*y + 38 = -f - f, f = -y + 2. Suppose -4*i = -4*t - x, 2*t = -t - 4*i - y. Let r(d) = d - 2. Calculate r(t).
-7
Let m(n) = -n**2 - 5*n - 7. Suppose 15*x = 14*x - 5. Calculate m(x).
-7
Suppose -4*x + 19 - 3 = 0. Suppose 0 = x*f + f + 5. Let j(q) be the third derivative of -q**6/20 + q**5/30 + q**4/24 + q**2. Determine j(f).
7
Let f = 10 - 10. Let w(o) = -3 - o + f + 3. Calculate w(5).
-5
Let h = -4 - -1. Let c be ((-30)/9)/(2/h). Let i(f) be the first derivative of f**2 - 4*f + 23. Calculate i(c).
6
Let p = 1 - 2. Let j(d) = d**3 - d - 1. Give j(p).
-1
Let v(l) = 6*l**3 - l**2 + 4*l + 2. Let d(k) = -13*k**3 + k**2 - 8*k - 5. Let c(q) = 4*d(q) + 9*v(q). Calculate c(3).
19
Let c(f) = f**2 + f. Let v(i) = -4*i**2 - 6*i - 2. Let y(l) = -5*c(l) - v(l). Determine y(-3).
-10
Let b(g) = g**3 + 5*g**2 - 8*g - 3. Suppose 0 = -3*c + 5*l - 33, 21 = -4*c - 2*l + l. Calculate b(c).
9
Let u(p) = p**3 - 4*p**2 - 3*p - 7. Let i(s) = s**3 + 15*s**2 + s + 17. Let x be i(-15). Suppose l = 4*c - 4*l - 20, -x*c - 3*l + 10 = 0. Give u(c).
3
Let w(y) = 7*y**2 + 6*y + 9. Let p(d) = -8*d**2 - 7*d - 10. Let t(v) = -6*p(v) - 7*w(v). Determine t(0).
-3
Suppose -3*k = a - 2, 4*a - a = -4*k - 4. Let r(u) = -u**3 - 5*u**2 - 6*u - 1. Give r(a).
7
Let j(w) = -30*w**3 - 13*w**2 + 4*w + 13. Let k(o) = -7*o**3 - 3*o**2 + o + 3. Let l(r) = 2*j(r) - 9*k(r). Determine l(-2).
-19
Let f be (-2)/(-6) - 200/(-12). Suppose -4*s + f = -m, -2*s + 8 = -s - m. Let g(y) = 2*y - 1. Calculate g(s).
5
Let b be 5/(10/(-6)) - -6. Let q(d) = 1 + d - 2*d + 1 + b*d. Determine q(-5).
-8
Let x(v) = 5*v - 3. Suppose -l = -6*l + 5. Suppose z = l + 1. Determine x(z).
7
Suppose 4*g = -4*g + 16. Let k(z) = -7*z. Give k(g).
-14
Let m(j) = j**2 - 6*j + 3. Let v(l) = -l + 6. Let a be v(0). Give m(a).
3
Let q(a) = a**2 - 9*a + 11. Suppose -3*b = -0*b - 24. What is q(b)?
3
Let l(o) = -2*o**3 + o**2 + o - 7. Let u(z) = z**3 + 1. Let y(c) = -l(c) - 3*u(c). Determine y(0).
4
Let h(a) = 8*a**3 + 3*a**3 - 10*a - a**3 + 6. Let j = 16 - 14. Let c(y) = 3*y**3 - 3*y + 2. Let q(k) = j*h(k) - 7*c(k). Calculate q(-2).
4
Let w(f) = 5*f - 1. Let n(u) = 13*u - 3. Let p(c) = 4*n(c) - 11*w(c). What is p(-4)?
11
Let b(l) = -l**2 + 6*l. Let d(w) be the first derivative of w**4/4 + 4*w**3/3 - 3*w**2 - 2. Suppose -2*u - 2*g - g = 7, g = u + 6. Let k be d(u). What is b(k)?
5
Let k(m) be the third derivative of -5*m**4/12 - m**3/3 - 33*m**2. Calculate k(-2).
18
Let j(l) be the third derivative of -l**6/120 - 7*l**5/60 - l**4/6 + 2*l**3/3 + 22*l**2. Calculate j(-6).
-8
Let p(u) be the first derivative of -7/2*u**2 + 1/3*u**3 + 2 + 9*u. Determine p(6).
3
Let p be (9 + -9)*(1 - (-9)/(-6)). Let f(x) = 4*x + 6. Let i(v) = -5*v - 6. Let g(l) = 4*f(l) + 3*i(l). What is g(p)?
6
Let p(g) be the second derivative of g**5/5 - g - 20. Give p(-1).
-4
Let q(y) be the second derivative of -7*y + 1/12*y**4 + 5*y**2 + 3/2*y**3 + 0. Determine q(-7).
-4
Let b(s) = 2*s + 6. Let t be b(-4). Let u = t + -3. Let f(k) = -k**2 - 6*k - 5. Give f(u).
0
Let i(w) = -w**2 - 3. Let l be i(0). Let q(v) be the second derivative of -v**4/12 - v**3/6 + 3*v**2/2 + v + 58. Calculate q(l).
-3
Let q = -4 - -6. Suppose -5*k - c + 5 = -25, -k + 4*c = 15. Let u(s) = 0*s**2 - k*s**q + 0*s**2 + 1. Determine u(1).
-4
Let s(q) = q**3 - 2*q**2 - 2*q + 3. Let g(y) be the third derivative of y**4/24 - 5*y**3/3 - 3*y**2. Let d be g(12). Give s(d).
-1
Let s(z) = -6*z**3 - z**2 + 2*z - 1. Let o(k) = k**3 + 3. Let f be o(0). Suppose -5*l + 2*g = 11, 0*l = f*l + 5*g + 19. Let r be (-1 + 3 - -2) + l. Give s(r).
-6
Suppose -6*r + 2*r + 2 = 5*y, -19 = -5*r + 2*y. Let h(k) = k + 0*k - 2*k**2 + r*k**2. Calculate h(1).
2
Let o(f) = 2*f**2 + 1. Let q be o(-2). Suppose 0*l = -3*l + q. Let h be 6/9 + (-17)/l. Let r(p) = -p**3 - 4*p**2 + 5*p - 2. Determine r(h).
-2
Let d = 15 - 14. Let g(b) = -11*b**2 + 3*b**3 + d + 11*b**2 - b. Calculate g(1).
3
Let f(m) = 2*m**2 + 3*m - 4. Suppose -3*y + 12 = -7*y. What is f(y)?
5
Let f be 3*(1 + 2 + -2). Let v(c) = 5*c - 5*c**f - 5*c + c**2. What is v(-1)?
6
Let z(b) = b. Let j(n) = -n - 1. Let h(k) = 3*j(k) + 2*z(k). Let q = -16 + 10. Let v be h(q). Let y(a) = -2*a**2 + 3*a + 3. Give y(v).
-6
Let g(c) be the second derivative of -c**4/12 + 3*c**3/2 - 9*c**2/2 + 11*c. What is g(7)?
5
Let y(t) = t**3 - 9*t